d by h.
22
Let w(y) = -198*y + 211. Calculate the remainder when 48 is divided by w(1).
9
Suppose 264 = 5*n - 6. Suppose 38 + n = 4*t. Let z = 4 + t. Calculate the remainder when 101 is divided by z.
20
Let j(y) = 276*y - 1253. Calculate the remainder when j(6) is divided by 98.
11
Let g(k) = -k**3 + k**2 + 3*k + 8. Let i be g(-3). Suppose 0 = 41*w - i*w - 54. What is the remainder when 24 is divided by w?
6
Let p(s) = -s - 33 + 12 - 68 - 2*s. Calculate the remainder when 4 is divided by p(-30).
0
What is the remainder when 315 is divided by (-3)/18*-4 + (-65960)/(-582)?
87
Suppose 542*a + 3398 - 19757 = -565*a + 7995. Suppose 3*y + 4*n - 107 = 0, y - 27 = 4*n + 30. Calculate the remainder when y is divided by a.
19
Let x = -4509 + 5221. What is the remainder when x is divided by 233?
13
Calculate the remainder when 148 is divided by -142 - -143 - ((-420)/2)/2.
42
Suppose 3*z - 384 = 106*c - 104*c, 3*z - 405 = -5*c. Calculate the remainder when 209 is divided by z.
79
Suppose 15 = 5*p, -45 = -2*m - 4*p - 23. Suppose -3*a + 94 = -d, -130 = -22*a + 17*a - m*d. Calculate the remainder when (-1386)/(-24) - (-2)/8 is divided by a.
28
Let u(s) = -s**2 + 46*s. What is the remainder when u(3) is divided by 32?
1
Suppose -2*m = 2*u - 14, -5*u + 4*u + 11 = 3*m. Suppose -t = -p + 5*p + 2, 28 = 4*t - m*p. What is the remainder when 95 is divided by t?
5
Let m(x) = 2*x**3 - 12*x**2 + 34*x - 30. Calculate the remainder when 244 is divided by m(4).
34
Let c be 2 - 15/3 - -5. Suppose 0 = -2*x + 5*z + 180, c*x - 6*z + 3*z - 172 = 0. Calculate the remainder when x is divided by (63/(-2))/3*4/(-3).
10
Let w(h) = -2*h**2 - 7*h + 7. Let f be w(-4). Suppose f*v - 292 = -166. What is the remainder when 881 is divided by v?
41
Let g(p) = -p**3 - 2*p**2 + 3*p + 6. Let r be g(-4). Suppose 210 = 10*c + 23 - 33. What is the remainder when c is divided by 24/6*r/8?
9
Suppose 12*x - 87 = 501. Calculate the remainder when 685 is divided by x.
48
Suppose 4*x + 64 = 5*k + 5*x, 3*k - 40 = x. Let j = -9 + k. Suppose -2*p + 2*c = -20, j*p = -2*c + 3*c + 55. Calculate the remainder when 71 is divided by p.
11
Let h be -1 - (0/1 - 3). Let t(l) = -5*l**h - 2*l + 20*l**2 + 3 - 13*l**2. Calculate the remainder when 118 is divided by t(2).
6
Suppose y + 3*c = 0, -4*c - 76 = -y - 4*y. Let o = 32 - -5. What is the remainder when 290/(-8)*(8 - y) is divided by o?
34
Suppose -5*z - 857 = -4582. Suppose -750*c + z*c = -100. What is the remainder when 93 is divided by c?
13
Suppose -3*f = 7*b - 8*b + 6, 0 = -f. Let m be (104 - b)*(2 - 3). Let x = -87 - m. What is the remainder when 73 is divided by x?
7
Let w(d) = 6*d**2 + 4*d + 28. Let u be (6/9)/(1/(36/(-8))). What is the remainder when 488 is divided by w(u)?
68
Let d = 30466 + -27143. What is the remainder when d is divided by 175?
173
Suppose 27*a - 23*a = -292. Let p = 139 + a. What is the remainder when p is divided by 34?
32
Let a = -1364 - -1362. Let f(q) = -q + 4. What is the remainder when (240/120)/(a/(-118)) is divided by f(-6)?
8
Let p(n) = -n**2 - 130*n - 3648. What is the remainder when p(-53) is divided by 16?
1
Let q be (-4)/(-26) - 2200/(-65). Let u = q - 34. Suppose 5*m - x = 419, -2*m + 3*x + 178 = -u*m. What is the remainder when m is divided by 28?
27
Let t = -3105 + 3186. Calculate the remainder when t is divided by 22.
15
Calculate the remainder when 3327 is divided by (-18)/3*((-1232)/(-42))/(-11).
15
Let l(a) = -a**2 + 17*a + 43. Suppose -105 = -4*q - 37. What is the remainder when 256 is divided by l(q)?
41
Let g = 14 + -3. Suppose -j = -11*j - 760. Let q = j + 80. What is the remainder when g is divided by q?
3
Suppose 3*i - 21 = -12. Suppose -5*c - 684 = 5*x - 1939, -i*x - 2*c = -749. What is the remainder when x is divided by 67?
46
Suppose 13 + 101 = 6*l. Suppose 6*t = n + 8*t - 19, -n - 4*t = -l. What is the remainder when 127 is divided by n?
13
Suppose 3*f + 9 = o - 20, -2*o - 4*f + 48 = 0. Calculate the remainder when (-21 - -12)/(3/(-15)) is divided by o.
19
Let l = 10 + -7. Let v(k) = 3*k**2 + 4*k - 3. What is the remainder when -7 + (-5152)/(-69) + 8/6 is divided by v(l)?
33
Let j(l) = -7 + 12 - 6*l**2 + 6*l - 2 + l**3. What is the remainder when 254 is divided by j(5)?
6
Suppose -3*m = -3*o - 6, 5*m + 0*m = 3*o + 14. Suppose o*f = 64 - 16. Calculate the remainder when 79 is divided by f.
7
Suppose -4*w + 3*z + 95 = 0, -26 = -w + 5*z + 2. Suppose w = -m - 19. Let p = m - -73. Calculate the remainder when 58 is divided by p.
27
Let u(x) = 162*x + 1258. Let k = 5 + 1. Suppose 2*n + k = 0, -5*n - 78 = 2*h - 5*h. Calculate the remainder when u(-7) is divided by h.
19
Let b(q) = -16*q - 122. Let u be b(-8). What is the remainder when ((-6)/u)/(3/(-798)) is divided by 54?
50
Let f be -2*(-1)/(-5) + 2025/375. Suppose 3*l = 0, -8*a + 11*a + f*l - 282 = 0. Suppose 6*m - 16 = 80. Calculate the remainder when a is divided by m.
14
Let d(t) = -1429*t - 10894. What is the remainder when d(-9) is divided by 179?
177
Let h(w) = -161*w - 2793. What is the remainder when h(-33) is divided by 1259?
2
Let a = -76 - -346. Let c(f) = -156*f**2 + 1149*f - 360. What is the remainder when a is divided by c(7)?
36
Let g(q) = -193*q**3 - 21*q**2 - 26*q - 3. What is the remainder when g(-1) is divided by 24?
3
Suppose 35*w = 13*w - 110. Let f(r) = r**3 + 11*r**2 + 22*r + 3. Calculate the remainder when f(w) is divided by 26.
17
Suppose 10 + 11 = w - 2*v, -5*w + 4*v + 75 = 0. Let j = -3 + w. Let x(b) = -b**3 + 10*b**2 - 5*b - 13. Calculate the remainder when x(j) is divided by 13.
10
Let q(a) = -a**3 - 16*a**2 + 9*a + 2. Suppose 370 - 438 = 4*m. Suppose 0 = -2*s + 22 + 6. What is the remainder when q(m) is divided by s?
12
Let i(t) = -t**2 - 5*t + 1. Let k be i(-6). Calculate the remainder when ((-1)/(k/(-22)))/((-4)/610) is divided by 14.
13
Let n(q) = -q + 22. Let l be n(18). Suppose -3*u = -6*u - 4*s + 825, 267 = u + l*s. Let b = -65 + 105. Calculate the remainder when u is divided by b.
39
Suppose 299 = -13*a + 13. Let d(c) = -c**3 - 21*c**2 + 16*c - 74. What is the remainder when 150 is divided by d(a)?
34
Let t = 410 - -228. Calculate the remainder when t is divided by (21/(-6) - -3)/(4/(-512)).
62
What is the remainder when 418 is divided by -60*((-128)/48 - (-44)/30)?
58
Suppose -1334*z + 1346*z = 1860. What is the remainder when z is divided by 13?
12
Suppose -5*r = 4*h - 917, -108*r + 5*h + 347 = -106*r. Calculate the remainder when 499 is divided by r.
137
Suppose 11*r - 2063 = 2535. What is the remainder when r is divided by 105?
103
Suppose 0 = -4*j, -120 - 47 = -y - 3*j. What is the remainder when y is divided by 10?
7
Let q = 4412 - 4357. Suppose 0 = j - 3*j + 72. What is the remainder when q is divided by j?
19
Let b(m) = -8*m - 34. Let t be b(-12). Suppose -2*w + w = -t. What is the remainder when w is divided by 16?
14
Let f(a) = -2*a**3 + 3*a**2 + 5*a - 5. Let h be f(2). What is the remainder when h/(8 + (-4878)/610) is divided by 153/(-6)*12/(-9)?
33
Suppose 4*a + 3*a = 28. Suppose -a*l = -8, -x + 20 = x + 5*l. Suppose 314 = x*f + 4*v, 348 = 4*f - 2*v + 102. Calculate the remainder when f is divided by 9.
8
Let c = 67 - 40. Calculate the remainder when 406 is divided by c.
1
Suppose -5*y - 2*n + 18 = 0, 0 = 5*y - 3*n + 8 - 6. Suppose -3 + 1 = -y*b. Suppose -5*h + 11 = b. Calculate the remainder when 7 is divided by h.
1
Suppose -2*z - 59 = -12*h + 11*h, 119 = 2*h - 5*z. Calculate the remainder when 74 is divided by h.
17
Suppose -7*g = -9*g + 2*s + 18, -g = -3*s - 19. Calculate the remainder when 166 is divided by g.
2
Let i be ((0 - 1) + 1)/(37 - 36). Suppose i*h - h = -13. Calculate the remainder when 295 is divided by h.
9
Suppose -i = d - 1247, -2*i = -5*d - 2387 - 142. What is the remainder when i is divided by 179?
178
Suppose 10 = -3*u + 2*u. Let s = -390 + 441. What is the remainder when s is divided by u/(-45) + 194/18?
7
Suppose -2*r + 5*u + 37 = -55, -5*r - 3*u = -261. What is the remainder when r is divided by 48?
3
Calculate the remainder when 2*-8*(-3)/(-6) - -194 is divided by ((17 - 6) + -6)*(1 - -6).
11
Calculate the remainder when 334 is divided by (-585)/130*40/(-15).
10
Let i = -5698 - -6511. What is the remainder when i is divided by 48?
45
Calculate the remainder when 2246 is divided